divided by k(-5)?
21
Let f be ((-15)/(-10))/(1/2*-3). Let c be (17 - f) + (3 - 7). Suppose c*g + 91 = 735. Calculate the remainder when g is divided by 13.
7
Let f(r) = -r**2 + 10*r + 3. Let m(h) = -h**3 - 7*h**2 - 11*h - 2. Let k be m(-5). What is the remainder when (-250)/(-2 + -3) + k is divided by f(6)?
26
Suppose -21*g + 23*g - 704 = 4*d, g - 346 = -d. What is the remainder when g is divided by 27?
24
Suppose -24*t - 1044 = -18*t. Let s = 186 + t. What is the remainder when 35 is divided by s?
11
Let m be 4 + 1 + 2 + -7. Suppose s = 2*x + 32, 4*s + 4*x - x - 95 = m. Calculate the remainder when 77 is divided by s.
25
Let k = -23162 - -23384. Calculate the remainder when 2203 is divided by k.
205
Calculate the remainder when 402/4 - (-450)/(-300) is divided by 47.
5
Calculate the remainder when 1403 is divided by 4/((-48)/(-1419)) + (-1180)/944.
116
Suppose 7*v + 3*u = 3*v + 190, -4*v - 4*u = -192. What is the remainder when v is divided by 640/36 + 31/18 + (-3)/2?
10
Let m(x) = x**3 + 5*x**2 - 6*x - 30. Let k be m(-5). Suppose k = 6*l + 3*l - 117. What is the remainder when -3 + (-4 - -1) + 68 is divided by l?
10
Let n be (-391)/4 + 39/52. Let b be 3*(-1)/(-3)*(1 - n). Let x = b - 24. What is the remainder when x is divided by 17?
6
Suppose 75 + 41 = l + y, 3*y + 572 = 5*l. Let k = 2418 - 2394. What is the remainder when l is divided by k?
19
Let r = 83 + -101. Suppose -2*x - 2*x + 28 = 0. Let f = x - r. Calculate the remainder when f is divided by 9.
7
Let m = 320 + -189. Let u = -115 + m. What is the remainder when 26 is divided by u?
10
Suppose 2*u = -49 + 59. Suppose u*n - 33 = -2*t - 1, 0 = -3*t + n + 65. What is the remainder when t is divided by 13?
8
Suppose -420 + 2345 = 55*j. Calculate the remainder when 1259 is divided by j.
34
Suppose -3152 = -18*s - 101*s + 656. Suppose -b + 4*m = -21, -2*b + 179 = 2*b + 3*m. What is the remainder when b is divided by s?
9
Let n = 111 + -107. Suppose 2*o + 2*o + 184 = 0. Calculate the remainder when (-2)/6 + o/(-3) is divided by n.
3
Let j = -1721 - -1766. What is the remainder when j is divided by 18?
9
Suppose 2 = -2*i, 5*j = 9*j - 4*i. Calculate the remainder when (-2952)/(-8) + (2 - j) is divided by 25.
22
Let m = 4935 - 4718. Let d = -11 - -24. What is the remainder when m is divided by d?
9
Let y(c) = -c - 4. Suppose 0 = -4*b - 4*f - 0*f - 32, 0 = -4*b - 2*f - 30. Calculate the remainder when (-1)/((b - -3)/36) is divided by y(-10).
3
Suppose -433 = -5*u + 3*h - 4*h, 5*h + 475 = 5*u. What is the remainder when 1670 is divided by u?
86
Suppose -4*n + 5*p + 941 = 0, 3*n - 2*n + 2*p - 245 = 0. Let u = n + 352. What is the remainder when u is divided by 27?
24
Let p(m) = m**2 - 93*m + 537. Calculate the remainder when 34*(-2)/8*-72 is divided by p(6).
12
Suppose -34*b - 122 + 632 = 0. Calculate the remainder when ((-64)/12)/(2/(-21)) is divided by b.
11
Let z = -126 + 130. Suppose -3*p = -4*c - 59, 5*p - 2*c - 101 = 2*c. Calculate the remainder when ((-18)/z)/((-3)/40) is divided by p.
18
Suppose 56 = 7*p - 0*p. Let k(d) = 2*d + 1. Let n be k(1). Suppose -4*z = -w - p, -6 = z + z - n*w. What is the remainder when 17 is divided by z?
2
Let o = 24165 + -24136. What is the remainder when 82 is divided by o?
24
Let s = -9153 - -10256. What is the remainder when s is divided by 125?
103
Suppose 0 = -213*c + 206*c - 1715. Calculate the remainder when 304 is divided by (-6762)/c + 4/10.
24
Let m = -106 + 2141. Calculate the remainder when m is divided by 21.
19
Calculate the remainder when 1/(28/(-560)) - -434 is divided by 30.
24
Suppose 9 = 4*g - g. Suppose -48 - g = -2*i + 5*l, i - 4*l - 18 = 0. Let a = i + -4. What is the remainder when a is divided by 9?
7
Suppose 0 = 88*t + 46*t - 75978. Calculate the remainder when t is divided by 201.
165
Let l = 153 + -144. Suppose 6*s - l*s - 5 = z, 0 = -4*z + 2*s + 50. Calculate the remainder when 18 is divided by z.
8
Let k = -26 - -57. Let o(d) be the first derivative of -19*d**2/2 + 168*d - 112. Calculate the remainder when k is divided by o(8).
15
Let r be (-18)/(-63) + 1/((-7)/(-22125)). Suppose -4*i + r - 3093 = 0. Calculate the remainder when i is divided by 10.
7
Suppose 0 = 5*z + 4*h - 3 + 2, -2*h + 11 = -z. Let i be (-3 - (0 + -3))*(-6 - -5). What is the remainder when 0 + i + (74 - z) is divided by 20?
17
Suppose -18*q + 63*q - 6572 = -17*q. Calculate the remainder when q is divided by 100.
6
Suppose 0 = -5*i + 32*b - 37*b + 2015, -b = -4*i + 1627. Calculate the remainder when i is divided by 81.
1
What is the remainder when (-25)/600 + 3961/24 is divided by 7?
4
Let f = 8 + -4. Suppose -3 = 100*t - 101*t. Suppose 133 = t*s + f. Calculate the remainder when s is divided by 15.
13
Let u = 31 + 56. Calculate the remainder when u is divided by (4587/12232)/(1/120).
42
Let z(l) = l - 259. Let a be z(-15). Let o = a - -320. What is the remainder when 151 is divided by o?
13
Let r be 152/(-3) + 13/(-39). Let s = -15 - r. Suppose w - k + 6*k = -10, -w + 22 = -3*k. Calculate the remainder when s is divided by w.
6
Let r(p) = 8*p**3 + 335*p**2 - 41*p + 83. Let t = -4 - -3. What is the remainder when r(-42) is divided by 4 + (t + 0 - -3)?
5
Let z(w) = 17*w**2 + 28*w + 77. Let x be z(-4). Let t = x - 197. Calculate the remainder when 679 is divided by t.
39
Let s(m) = 2*m**2 + 3*m - 3. Let c(v) be the third derivative of -v**4/4 + 3*v**3 + 2*v**2 + 11*v. Calculate the remainder when c(-11) is divided by s(3).
12
Let j be 798/14*(-15)/(-3). Suppose 316*c + j = 319*c. Calculate the remainder when c is divided by 33.
29
Let t = -128 + 204. Let g be (6/9)/((-1)/3). Let d = 18 - g. Calculate the remainder when t is divided by d.
16
Suppose 19981*y = 19969*y + 804. Calculate the remainder when 530 is divided by y.
61
Let x(d) = -7*d + 62. Let k(f) = -7*f - 28. Let t be k(-5). Let r(h) = -15*h - 15. What is the remainder when r(-5) is divided by x(t)?
8
Suppose -8*j = -1548 - 948. Calculate the remainder when j is divided by 91.
39
Suppose 0 = 3*z - 7*z + 3*l + 270 + 1842, 0 = l. What is the remainder when z is divided by 124?
32
Let f(l) = -22*l + 291. What is the remainder when f(-15) is divided by 44?
5
What is the remainder when 368 is divided by (-356 - (2 + 18)/(-5))*3/(-6)?
16
Let n = 49 - 39. Let r = -52 + 49. What is the remainder when -72*r*(-8)/(-36) is divided by n?
8
Calculate the remainder when (-11)/((-121)/4543) - 7 is divided by 71.
51
Let w = -44062 - -44238. What is the remainder when 594 is divided by w?
66
Suppose t = 2*c - 240, 12*t = -2*c + 8*t + 250. Let n = c - 11. Calculate the remainder when 433 is divided by n.
103
Let b(p) = p**3 + 11*p**2 - 3*p - 24. Let y be b(-11). Suppose 8 = -y*i + 13*i. Calculate the remainder when 7 is divided by i.
1
What is the remainder when 21356 is divided by (13230/162 + (-6)/2)*(-18)/(-12)?
116
Let l(z) = -z**2 + 16*z + 125. Let r(c) = -46*c + 3. Calculate the remainder when l(15) is divided by r(-1).
42
Suppose 2*d - 3*f = d + 7, 0 = 2*f - 10. Let l be -4 + 11 + -6 + 658 + -5. Let h = l + -589. What is the remainder when h is divided by d?
21
Let l be 5 + (-9 - -4 - -2). Suppose -l*w + 3*w - 17 = 0. Calculate the remainder when -26*1/4*-10 is divided by w.
14
Let d = 71 - 34. What is the remainder when (24 + -31)*(-540)/70 is divided by d?
17
Let b be (-16)/6*9/(-2). Suppose 5*w - w = b. Suppose -5*g = -6*k + 18, 0 = 1552*k - 1556*k - 3*g + 12. What is the remainder when k is divided by w?
0
Let q(m) = m + 6. Let n be q(-4). Let c be 104/(-8)*(-1 - (2 + 2)). Suppose -2*z + 16 = -n*h + 42, 2*z = 5*h - c. What is the remainder when 77 is divided by h?
12
Let w be (-1 - 2) + 2 + -6. Let i(v) = -v**3 - 5*v**2 + 7*v - 7. Let s be i(w). What is the remainder when 25 is divided by 102/14 + (-12)/s?
4
Let c = 22927 + -12556. What is the remainder when c is divided by 19?
16
Suppose -195 = -5*p - 5*o, -3*p = -166*o + 162*o - 110. What is the remainder when 326 is divided by p?
22
Let a(z) = -3*z**3 + 25*z**2 + 2*z. Let j be a(8). Calculate the remainder when 47 is divided by (j/12)/((-14)/(-21)).
7
Let g(u) = 18*u - u + 94 + 20 + 20 + 32. What is the remainder when g(-5) is divided by 22?
15
Let i = -2729 + 4628. What is the remainder when i is divided by 76?
75
Suppose -7*t = -2*t + 235. Let r = -47 - t